+ 9*s - 38*s**2 + 23 - 31*s**2. Let x(d) = -d**2 - 5*d - 11. Let g(l) = -4*c(l) - 9*x(l). Give g(-6).
-11
Suppose 5*f + 5*v = 3*v - 2, 0 = -4*f + 3*v + 3. Suppose f = -n - 1 - 3. Let s(k) be the first derivative of k**2 + k + 73. Give s(n).
-7
Let n(r) = -r - 2. Suppose -73 - 43 = 29*s. Determine n(s).
2
Let p(q) = 3*q**2 - 128 + 258 - 123 - 4*q**2. What is p(-5)?
-18
Let y = 47 - 44. Suppose -18 = -y*w - 0*w. Let h(s) = -s**2 + 7*s - 8. Calculate h(w).
-2
Let m(s) = s - 4. Let a = -83 + 79. Let d be 20/5 - -1 - a. Give m(d).
5
Let j(z) = -4*z**2 + 3*z - 2. Let p be 9/36 - 46/(-8). Let k(b) = -p - 4*b + 9 + 2*b**2 + b + 3*b**2. Let a(c) = -6*j(c) - 5*k(c). What is a(-2)?
-1
Let f(i) = -5*i**2 - 13*i - 33. Let w(r) = -4*r**2 - 13*r - 33. Let d(x) = 5*f(x) - 6*w(x). What is d(15)?
3
Let r(o) = -2*o + 3. Suppose x = 3*t - 10, 2*t + x - 3 = -2*x. What is r(t)?
-3
Let q(s) = 7*s + 1. Let a(h) = 19*h + 4. Let u(k) = -2*a(k) + 7*q(k). Determine u(-3).
-34
Let f = -2667 + 2666. Let c(s) = -s**3 - s**2 - 3*s - 3. What is c(f)?
0
Suppose r - 8 = -4*u, r = 5*u - 9 - 10. Let g be ((-1)/r)/(7/28). Let h(p) be the first derivative of -3*p**4/4 + 1. Determine h(g).
-3
Suppose 5*k + 14 = 3*d - 0*k, 5*d - 2*k = 17. Suppose d*r - 3 = 3. Let m(n) = n**2 + n**2 + r*n + 0*n - 5*n**3 + 1. Give m(-1).
6
Let r(d) = -4*d**2 + 4 + 7*d - 17 - 10*d**2 + 15*d**2. What is r(-11)?
31
Let x = 1008 + -1015. Let z(v) = -2*v**2 - 14*v + 3. What is z(x)?
3
Let k(n) = -n**3 + 6*n**2 - 5. Let f be (-2 + 3 - -1)*-6. Let u = f - -18. What is k(u)?
-5
Let j(v) = 37*v + 51. Let b be j(-1). Let i(g) = g - 6. Determine i(b).
8
Let j(y) = -y**2 + 5. Suppose -17*f + 48 + 20 = 0. What is j(f)?
-11
Let p = 57 - 60. Let w(m) = 9*m + 2. Give w(p).
-25
Let d(a) be the first derivative of -a**2/2 + 3*a + 24. Let i be (-1 - -4)/(2/(-12)). Let g be 4/(-16) - i/8. Give d(g).
1
Let a = -10 + 13. Let z be (a - 6)*10/(-6). Let n(q) = q**2 - 4*q - 4. What is n(z)?
1
Let d(x) = -x + 1. Suppose -60 = -9*z + 6*z. Suppose -14*i + 4*i - z = 0. Determine d(i).
3
Let g(n) = -n - 32. Let w(l) = 2*l + 98. Let p(u) = -14*g(u) - 5*w(u). Give p(10).
-2
Let g(f) = 12*f + 7. Let v(y) = 7*y + 3. Let r(l) = 3*g(l) - 5*v(l). Calculate r(8).
14
Let l(x) = -x - 10. Suppose -q = v + 9, -15*q = v - 13*q + 8. Give l(v).
0
Let w(a) = 2*a + 1. Let l be w(1). Let x(b) = 0*b + b**l - 22*b**2 + 18*b**2 + 2 - b. Let u be 11/3 - 2/(-6). Determine x(u).
-2
Let l(m) = m**2 + 2*m + 1. Suppose -5*f - 5*c + 25 = 0, 0*f + c - 17 = -3*f. Suppose k - f = -0*k. Suppose 5*z = -k - 4. Give l(z).
1
Let m be -2*2/(-8)*-2. Let o(x) = -8*x - 7. Let y(v) = -v**3 - v + 5. Let i be y(0). Let j(g) = -4*g - 3. Let f(b) = i*j(b) - 2*o(b). Determine f(m).
3
Let v = -118 - -37. Let n = v + 76. Let k(z) = z**3 + 5*z**2 - z - 5. What is k(n)?
0
Let k(r) be the third derivative of 0 - 1/120*r**6 + 1/12*r**5 + 1/3*r**4 + 0*r + 16*r**2 - 4/3*r**3. Give k(6).
4
Let s(f) = 11*f + 2*f - 13*f + 3*f. Let b(u) = -u**2 - 7*u - 4. Let a be b(-6). Suppose 0 = a*j + 5*d - 21, 3*d = -0*j + j + 17. Determine s(j).
-6
Suppose -12 = 2*m + 3*g, 0*g = 4*m - 2*g + 24. Let o(h) = 5*h**2 - h + 1452 + h**3 - 1448 + 0*h**3. What is o(m)?
-26
Let a be 0*(184/(-48) - -4). Let l(c) = -c**3 + c - 49. Determine l(a).
-49
Let w(s) = -3*s - 2 + 2*s + 1. Let o = 650 + -652. Determine w(o).
1
Suppose -2*w - 18*w - 40 = 0. Let x(q) = 4*q - 1. Determine x(w).
-9
Let c(m) be the second derivative of m**7/840 + m**6/720 - 7*m**4/6 - 22*m. Let j(d) be the third derivative of c(d). Determine j(2).
14
Let l be -52 - (1 - (2 + 1)). Let x = l - -47. Let m(h) = 2*h**3 + 3*h**2 + 2*h + 2*h**3 - 3*h**3. Give m(x).
-6
Let r(g) be the second derivative of 1/2*g**3 + 14*g + 0*g**2 + 0. Let b = 7 + -4. Determine r(b).
9
Suppose -4 = 2*t - 4*t. Suppose -2*n + 4*r = -22, -4*r + t*r + 4 = 2*n. Let i(w) = w + 1. Calculate i(n).
6
Suppose 0 = -p - 0*p + 2. Let a(x) = -6*x - 1. Determine a(p).
-13
Let h(g) = -4*g - 3 + 2*g + 3*g. Suppose -107*b + 123*b = 80. Calculate h(b).
2
Let r(p) = 4*p - 1 + p**3 - 6*p**2 + 4*p**2 - 2. Give r(2).
5
Let w(n) = -7*n**3 - 9*n**2 + 3*n - 6. Let r be 300/(-40)*((-4)/(-6))/1. Let b(u) = 4*u**3 + 5*u**2 - 2*u + 3. Let y(i) = r*b(i) - 3*w(i). Calculate y(-3).
-9
Let j(s) be the third derivative of -s**4/2 + s**3/6 - 10*s**2. Let w be 3/(-12) - (-15)/(-4). Let n be 2/w - (-36)/24. Give j(n).
-11
Let i(f) be the third derivative of f**4/12 - 3*f**3/2 - 138*f**2. Give i(8).
7
Let d = 558 + -552. Let z(c) be the third derivative of 1/120*c**d - 1/24*c**4 + 5/6*c**3 - 1/10*c**5 + 0 + 0*c + 6*c**2. What is z(6)?
-1
Let q(r) = 2*r - 4. Suppose -5*g = -5*d + 50 - 5, -4*d + 2*g + 36 = 0. Let h be (-2)/((-2)/d*3). Let k be h*(-4 - -3)*-1. Determine q(k).
2
Let y = 279 - 272. Let x(k) = -3*k + 7. Calculate x(y).
-14
Let i(x) = -11*x**2 - 71 + 21 + x**3 + 21 + 10*x + 25. Calculate i(10).
-4
Let a(t) = t**3 - 2*t**2 - 5*t + 4. Suppose 4*z - 36 = 5*y, -4*z + 29 = y - 7. Let p = z - 21. Let f be 9/(-3) - p/2. Give a(f).
-2
Let l(g) = -2*g**2 + 6*g - 6. Let d = -231 - -234. Determine l(d).
-6
Let u = 5550 - 5551. Let o(a) be the third derivative of -a**4/8 - a**3/6 - a**2. Calculate o(u).
2
Let k(x) = -15*x - 3. Let q(t) be the third derivative of 6*t**2 + 0 - 5/8*t**4 + 0*t - 1/3*t**3. Let r(u) = -2*k(u) + 3*q(u). Determine r(-1).
15
Let v(k) be the third derivative of -11/24*k**4 + 0*k + 1/120*k**6 - 5/3*k**3 + 8*k**2 + 0 + 2/15*k**5. Calculate v(-9).
8
Let d(c) = -c**3 + c - 3. Let o(m) = 2*m - 3. Let k be o(3). Let q = 3 - k. Suppose 0 = -q*l + l. Calculate d(l).
-3
Let a = 16 - 4. Let q be (a/(-4) + 4)*1. Let c(k) = -10*k**2 + 1. What is c(q)?
-9
Suppose 0 = y - 5*y - 4*n + 52, 5*n = 10. Let a(o) = 6*o + 15. Let x(j) = j + 3. Let v(h) = y*x(h) - 2*a(h). Calculate v(-4).
7
Let o(q) = -12*q + 80. Let z be o(6). Let s(i) = 2*i**2 + 11*i + 3. Let d(r) = -3*r**2 - 21*r - 5. Let g(f) = 3*d(f) + 5*s(f). Determine g(z).
0
Let b(c) = -c**2 + c + 9. Suppose -5*v - 8 = 7. Let a be 102/9 - (-1)/v. Suppose a*n - 6*n = 0. Determine b(n).
9
Let d(i) = -i - 2*i**2 - 2*i**3 + i**3 + 3*i**2 - 2 + 2*i**2. Let r be 2/(-13) - 394/(-26). Suppose -4*x = 5*z - 27, -x = -z + 5*z - r. Determine d(z).
-5
Let s(h) = h**2 - 5*h + 8. Let l(k) = -k + 1. Let d(r) = 3*l(r) - s(r). What is d(-5)?
-40
Let l(o) = -o**3 + 3*o**2 - o + 4. Suppose -c = i - 34, 4*i - 19 = 3*c + 96. Let u = 35 - i. Give l(u).
-16
Let m(n) = -n**3 + 233*n**2 - 233*n**2. Let b(q) be the third derivative of q**5/60 - 7*q**4/12 + 2*q**3 - 5*q**2. Let h be b(13). Calculate m(h).
1
Let b(l) be the third derivative of -l**5/60 + 7*l**4/24 - l**3/3 - 21*l**2 - l. Determine b(5).
8
Let u(w) = -w + 7. Let k(p) = p**3 - p**2 + 2*p + 2. Let t be k(-2). Let y = -8 - t. Suppose -5*i = -2*s - 33, 5*s - 4*s + y = i. What is u(i)?
0
Let q(j) = -7*j**3 - 10*j**2 + 7*j + 5. Let r(g) = 8 + 6*g**3 + 2 - 14 - 6*g + 9*g**2. Let o(p) = -5*q(p) - 6*r(p). What is o(-3)?
-13
Let r be (-2)/(((-8)/14)/((36/14)/(-3))). Let h(x) be the second derivative of x**5/20 + x**4/4 + x. What is h(r)?
0
Suppose -y - y + 30 = -4*o, -13 = -3*y - 2*o. Let t(r) = r**3 - 7*r**2 - 3*r + 9. Calculate t(y).
-12
Suppose -j = 2 - 5. Let y(c) = 2*c**2 - 3*c - 3. Let t be y(j). Let f(z) = -4*z + 7*z + 0*z - 2*z + t. What is f(-5)?
1
Let u(o) = -o**2 + o + 1. Suppose -3*b = -3 - 3. Suppose j = 3*c - 12, 0 = 2*c - 3*c + b*j + 4. Suppose 8*g - 10*g = -c. Determine u(g).
-1
Let q(l) = -l**2 + 6*l + 1. Let p be q(6). Suppose -3*y = -2 - p. Let t(n) = -1 - y + 1 + 2*n. Give t(-3).
-7
Let t(n) = -25*n - 73. Let l be t(-3). Let d(u) = u**3 - 2*u**2 + u + 1. Let m be d(2). Let w be ((-60)/(-45))/(l/m). Let y(i) = 3*i. What is y(w)?
6
Let m(d) = -d + 1. Let y(j) = -j**2 - 6*j + 5. Let w(v) = -3*m(v) + y(v). Suppose -3*o + 4*o - 2 = 0. Give w(o).
-8
Let c(k) = -k**3 - 6*k**2 - k + 1. Let g = -724 - -718. Give c(g).
7
Let h(s) = -149*s + 0 + 144*s + 0. Let r be -1 + (-3 - -4 - -3). Suppose -x - q - q = 1, 3*q = r*x + 3. Determine h(x).
5
Let j(q) be the second derivative of -q**5/20 + q**3/6 + q**2/2 + 37*q. Let l(x) = -7*x**3 + x + 6. Let d(r) = -4*j(r) + l(r). What is d(2)?
-28
Let p be 11/(-33) + (-14)/(-6). Let x(b) = -11*b - b**3 + 11*b**p + 0*b**3 + 8*b - 7*b**2 + 1. Give x(3).
1
Let l(k) = k**3 - 